e 10, what is 4 - 471?
-467
In base 14, what is 55a + -3c?
51c
In base 9, what is 5 - 5883?
-5877
In base 13, what is -1 + 14913c?
14913b
In base 10, what is 584 - 592?
-8
In base 6, what is 4034300 - 1?
4034255
In base 7, what is -260 + 335664?
335404
In base 12, what is 4 + -21aa0?
-21a98
In base 15, what is -4 - 87b19?
-87b1d
In base 9, what is -5 - 146617?
-146623
In base 10, what is 1333 + 3240?
4573
In base 2, what is 1001101011101100110 - -10?
1001101011101101000
In base 14, what is -c5c5 - -a6?
-c51d
In base 9, what is 13 - 147?
-134
In base 8, what is 134 + 1167?
1323
In base 6, what is -1 - -5124?
5123
In base 2, what is 1000000111010111 - -1001?
1000000111100000
In base 4, what is 21321023 + 0?
21321023
In base 5, what is 31300114 + -3?
31300111
In base 6, what is -33010 + 31?
-32535
In base 8, what is -5 - -3464?
3457
In base 2, what is -110011000010 - 11001111?
-110110010001
In base 7, what is 466306 - 25?
466251
In base 6, what is -5530 - -3025?
-2501
In base 5, what is -102101312 - 10?
-102101322
In base 13, what is a94b + -2?
a949
In base 9, what is 32 - 783?
-751
In base 8, what is 3644 + 0?
3644
In base 7, what is -100441 - 3?
-100444
In base 11, what is 1356 - -900?
2156
In base 12, what is -10 - -1359?
1349
In base 7, what is -40050 + -4?
-40054
In base 12, what is 77 - -2502?
2579
In base 9, what is 1 + -158168?
-158167
In base 13, what is -10 + -178937?
-178947
In base 13, what is -60a6 + -3?
-60a9
In base 14, what is 0 - -2a2?
2a2
In base 11, what is -10 + -1085?
-1095
In base 11, what is -15682 + 5?
-15678
In base 4, what is -232 - -103010?
102112
In base 14, what is 8 - -204b?
2055
In base 2, what is 11110011100100 + -1?
11110011100011
In base 8, what is 1352 - -264?
1636
In base 10, what is 125 + 3139?
3264
In base 3, what is -2 - 201101210?
-201101212
In base 13, what is -46 + -a481?
-a4c7
In base 7, what is -664 + 2111?
1114
In base 8, what is 3 - 3327?
-3324
In base 8, what is 2500 + -37?
2441
In base 13, what is 37125 + 5?
3712a
In base 4, what is 20022232 - -10?
20022302
In base 10, what is -318 - 41?
-359
In base 14, what is 15a528 + 3?
15a52b
In base 7, what is 6 + -565052?
-565043
In base 9, what is -16 + -133443?
-133460
In base 15, what is 1 + 5143?
5144
In base 3, what is 1200001002121 + -11?
1200001002110
In base 4, what is 102 - 21212?
-21110
In base 11, what is 13 - -5572?
5585
In base 15, what is -c74 - 20?
-c94
In base 10, what is 2106 - -10?
2116
In base 12, what is -12998 - 5?
-129a1
In base 8, what is 5 - 561057?
-561052
In base 14, what is 80177 - 4?
80173
In base 11, what is -35 + 1005a?
10025
In base 9, what is 546665 + 4?
546670
In base 2, what is 1000110000001 - 1000?
1000101111001
In base 13, what is -125 - 25c6?
-271b
In base 4, what is 1 - 131101201?
-131101200
In base 3, what is -100200122 - -211?
-100122211
In base 9, what is -217 - 310?
-527
In base 14, what is 1 - 17750?
-1774d
In base 11, what is 253 - 3?
250
In base 9, what is -410 + 2837?
2427
In base 11, what is 262 + -2270?
-2009
In base 12, what is 158a4 - 12?
15892
In base 8, what is 36310221 + -4?
36310215
In base 13, what is 6 + -181c?
-1816
In base 8, what is -5 + 107634?
107627
In base 9, what is -2603 - 240?
-2843
In base 5, what is -1222132 - 0?
-1222132
In base 12, what is 24 + 136a?
1392
In base 4, what is -1103100 - 3002?
-1112102
In base 12, what is 68b3 + -21?
6892
In base 14, what is 8 + 56?
60
In base 2, what is -110011 + -10111111110011?
-11000000100110
In base 12, what is -216050 + 0?
-216050
In base 7, what is 25 - -434?
462
In base 3, what is -122011012 + 0?
-122011012
In base 8, what is 550 + 13272?
14042
In base 14, what is -5b + acb1?
ac54
In base 3, what is 1111220222 + 11102?
1112002101
In base 11, what is 19 + -2592?
-2574
In base 7, what is -5124 + 1101?
-4023
In base 12, what is 6b4 + -5?
6ab
In base 13, what is -3b6 - 1354?
-173a
In base 8, what is -2502422 + 7?
-2502413
In base 8, what is -120550 - 17?
-120567
In base 11, what is 15 + -2aa0?
-2a86
In base 15, what is -7 + 18cb?
18c4
In base 11, what is 2 - 15636?
-15634
In base 6, what is 1434 - 104135?
-102301
In base 12, what is 0 + 15b2?
15b2
In base 12, what is b + 836?
845
In base 16, what is 1 + -1ac9?
-1ac8
In base 5, what is -2 - 2343214?
-2343221
In base 6, what is 45 - -42305?
42354
In base 10, what is 5 - -41248?
41253
In base 11, what is 20 + 59190?
59200
In base 11, what is -32 + 30828?
307a6
In base 16, what is -14d2e + -2?
-14d30
In base 15, what is -163a + 5?
-1635
In base 4, what is 31221321 + -3?
31221312
In base 13, what is -3 + 176?
173
In base 10, what is 22225 + -2?
22223
In base 8, what is 26 - 246?
-220
In base 2, what is -1 - -1010111111?
1010111110
In base 5, what is -4 - 31002100?
-31002104
In base 4, what is 11 + -112231001?
-112230330
In base 8, what is 3533527 + 1?
3533530
In base 15, what is 7005 + 0?
7005
In base 10, what is 152 + -543?
-391
In base 5, what is -324 - 220?
-1044
In base 12, what is a + b7?
105
In base 14, what is -727b - -8?
-7273
In base 3, what is 1211012 + 121?
1211210
In base 7, what is -35 - -6301?
6233
In base 14, what is 328d - -4?
3293
In base 15, what is -ba + 156?
8b
In base 2, what is -1 - -10110000001001001?
10110000001001000
In base 8, what is -52 + -2257?
-2331
In base 7, what is 4423 - 302?
4121
In base 10, what is 81 + 75665?
75746
In base 8, what is 26 + -6713?
-6665
In base 12, what is -52b00 - 3?
-52b03
In base 4, what is -11 - 21132012?
-21132023
In base 15, what is b66ca - 1?
b66c9
In base 2, what is 100011000100110110 + -1?
100011000100110101
In base 10, what is -3986 - 104?
-4090
In base 12, what is -12 - -4018?
4006
In base 6, what is -24214 + -55?
-24313
In base 14, what is -6 + 4669?
4663
In base 16, what is -1987 - 5?
-198c
In base 3, what is -100 - -102120?
102020
In base 7, what is 640 - -6654?
10624
In base 9, what is 18413 - 18?
18384
In base 4, what is -12 + 20232030?
20232012
In base 12, what is -3 + 12989?
12986
In base 9, what is -117 - 1442?
-1560
In base 14, what is -59356 + -4?
-5935a
In base 8, what is 52 - 6141?
-6067
In base 11, what is -7a + -19842?
-19911
In base 5, what is -34412 - -203?
-34204
In base 16, what is -4 + -18fdf?
-18fe3
In base 2, what is 101100010 - 10011111?
11000011
In base 7, what is 11661 + 300?
12261
In base 5, what is -1240111 + 2?
-1240104
In base 8, what is 3023 - 247?
2554
In base 7, what is -26 - 63104?
-63133
In base 7, what is -15352 + 61?
-15261
In base 8, what is 2011401 + -1?
2011400
In base 15, what is -b1 + 11d?
5c
In base 7, what is 10000 + -16?
6651
In base 8, what is -10 - -520402?
520372
In base 15, what is 3dde + -4?
3dda
In base 7, what is -5 + 4632422?
4632414
In base 12, what is -162a6 + -2?
-162a8
In base 2, what is -1011101101 + 1010001?
-1010011100
In base 16, what is 8 + 3b2b?
3b33
In base 2, what is -101110110001111 - -100?
-101110110001011
In base 9, what is 5 + 20625?
20631
In base 6, what is -3100231 + 11?
-3100220
In base 6, what is -11533 + 22?
-11511
In base 9, what is 877 - 281?
586
In base 4, what is 123203232 + -10?
123203222
In base 14, what is 3dc - -c91?
128d
In base 16, what is 9e + 2e1?
37f
In base 4, what is -10 - -30330320?
30330310
In base 10, what is 432 + 2476?
2908
In base 9, what is 8657 + 3?
8661
In base 13, what is -8b - 22?
-b0
In base 3, what is -20100211 - 1200?
-20102111
In base 9, what is 5 - 4048625?
-4048620
In base 3, what is -122110002 + 12?
-122102220
In base 4, what is 111 + 22030120?
22030231
In base 13, what is 37 + 331?
368
In base 6, what is 2134 + -24?
2110
In base 6, what is 104 + 424?
532
In base 6, what is -12350 - 10442?
-23232
In base 3, what is -111 + 222020112?
222020001
In base 10, what is 45002 - -3?
45005
In base 13, what is 1b + -4a66?
-4a48
In base 9, what is -32 - -11061?
11028
In base 15, what is 17ae + 38?
17e7
In base 13, what is -6674 - -4?
-6670
In base 2, what is -1111 - 1000011101001?
-1000011111000
In base 8, what is 1363 + -104?
1257
In base 15, what is 385a4d - -4?
385a52
In base 10, what is 9 - -87830?
87839
In base 13, what is -1722a6 + 4?
-1722a2
In base 10, what is 19846 + 0?
19846
In base 15, what is -2d84 + 68?
-2d1b
In base 4, what is 23233 + -30032?
-133
In base 11, what is 46955 + -2?
46953
In base 12, what is -732 - 184?
-8b6
In base 9, what is